{"id":1270,"date":"2019-10-31T17:30:28","date_gmt":"2019-10-31T17:30:28","guid":{"rendered":"http:\/\/quintadesantiago.pt\/produto\/quinta-de-santiago-alvarinho\/"},"modified":"2023-06-14T10:22:08","modified_gmt":"2023-06-14T10:22:08","slug":"quinta-de-santiago-alvarinho","status":"publish","type":"product","link":"https:\/\/quintadesantiago.pt\/en\/product\/quinta-de-santiago-alvarinho\/","title":{"rendered":"QUINTA DE SANTIAGO ALVARINHO"},"content":{"rendered":"","protected":false},"excerpt":{"rendered":"<p>&nbsp;<\/p>\n<div class=\"content-box\">\n<div class=\"custom-icon\"><img src=\"\/wp-content\/uploads\/2019\/10\/test.png\" width=\"36\" \/><\/div>\n<h3 style=\"color: #ce8f4c;\">DETAILS<\/h3>\n<p style=\"text-align: left;\"><strong>REGION<\/strong> Vinhos Verdes &#8211; Sub-Region of Mon\u00e7\u00e3o and Melga\u00e7o<br \/>\n<strong>VINTAGE<\/strong> 2022<br \/>\n<strong>VARIETIES<\/strong> Alvarinho<br \/>\n<strong>WINEMAKING<\/strong> Abel Codesso<br \/>\n<strong>ALCOHOL<\/strong> 13,5%<\/p>\n<\/div>\n<div class=\"separator\"><\/div>\n<div class=\"content-box\">\n<div class=\"custom-icon\"><img src=\"\/wp-content\/uploads\/2019\/10\/wine-glass.png\" width=\"36\" \/><\/div>\n<h3 style=\"color: #ce8f4c;\">TASTING NOTES<\/h3>\n<p style=\"text-align: left;\">Displays citrus color. The aroma is elegant and complex with notes of citrus, lychees and orange blossom. Rich, full-bodied, persistent with freshness and minerality typical of the variety.<\/p>\n<\/div>\n<div class=\"separator\"><\/div>\n<div class=\"content-box\">\n<div class=\"custom-icon\"><img src=\"\/wp-content\/uploads\/2019\/10\/restaurant.png\" width=\"36\" \/><\/div>\n<h3 style=\"color: #ce8f4c;\">CONSUMPTION SUGGESTIONS<\/h3>\n<p style=\"text-align: left;\">The freshness and minerality make this wine the ideal pairing for starters, salads, sea fruits, shellfish, fish, Asian cuisine, white meat and cheeses. It should be served at a temperature between 10\u00baC and 12\u00baC.<\/p>\n<\/div>\n<div class=\"separator\"><\/div>\n<div class=\"content-box\"><a class=\"btn btn-color-primary btn-style-bordered btn-size-large qsalvarinho\" style=\"margin-top: 20px;\" target=\"_blank\" rel=\"noopener noreferrer\" href=\"\/wp-content\/uploads\/2020\/05\/FT-ALVARINHO-2018-EN.pdf\">TECHNICAL SHEET<\/a><\/div>\n","protected":false},"featured_media":0,"comment_status":"open","ping_status":"closed","template":"","meta":[],"_links":{"self":[{"href":"https:\/\/quintadesantiago.pt\/en\/wp-json\/wp\/v2\/product\/1270"}],"collection":[{"href":"https:\/\/quintadesantiago.pt\/en\/wp-json\/wp\/v2\/product"}],"about":[{"href":"https:\/\/quintadesantiago.pt\/en\/wp-json\/wp\/v2\/types\/product"}],"replies":[{"embeddable":true,"href":"https:\/\/quintadesantiago.pt\/en\/wp-json\/wp\/v2\/comments?post=1270"}],"wp:attachment":[{"href":"https:\/\/quintadesantiago.pt\/en\/wp-json\/wp\/v2\/media?parent=1270"}],"curies":[{"name":"wp","href":"https:\/\/api.w.org\/{rel}","templated":true}]}}

<p>&nbsp;</p>
<div class="content-box">
<div class="custom-icon"><img src="/wp-content/uploads/2019/10/test.png" width="36" /></div>
<h3 style="color: #ce8f4c;">DETAILS</h3>
<p style="text-align: left;"><strong>REGION</strong> Vinhos Verdes &#8211; Sub-Region of Monção and Melgaço<br />
<strong>VINTAGE</strong> 2022<br />
<strong>VARIETIES</strong> Alvarinho<br />
<strong>WINEMAKING</strong> Abel Codesso<br />
<strong>ALCOHOL</strong> 13,5%</p>
</div>
<div class="separator"></div>
<div class="content-box">
<div class="custom-icon"><img src="/wp-content/uploads/2019/10/wine-glass.png" width="36" /></div>
<h3 style="color: #ce8f4c;">TASTING NOTES</h3>
<p style="text-align: left;">Displays citrus color. The aroma is elegant and complex with notes of citrus, lychees and orange blossom. Rich, full-bodied, persistent with freshness and minerality typical of the variety.</p>
</div>
<div class="separator"></div>
<div class="content-box">
<div class="custom-icon"><img src="/wp-content/uploads/2019/10/restaurant.png" width="36" /></div>
<h3 style="color: #ce8f4c;">CONSUMPTION SUGGESTIONS</h3>
<p style="text-align: left;">The freshness and minerality make this wine the ideal pairing for starters, salads, sea fruits, shellfish, fish, Asian cuisine, white meat and cheeses. It should be served at a temperature between 10ºC and 12ºC.</p>
</div>
<div class="separator"></div>
<div class="content-box"><a class="btn btn-color-primary btn-style-bordered btn-size-large qsalvarinho" style="margin-top: 20px;" target="_blank" rel="noopener noreferrer" href="/wp-content/uploads/2020/05/FT-ALVARINHO-2018-EN.pdf">TECHNICAL SHEET</a></div>
