{"id":1272,"date":"2019-10-31T17:24:55","date_gmt":"2019-10-31T17:24:55","guid":{"rendered":"http:\/\/quintadesantiago.pt\/produto\/quinta-de-santiago-alvarinho-reserva\/"},"modified":"2023-06-07T16:04:27","modified_gmt":"2023-06-07T16:04:27","slug":"quinta-de-santiago-alvarinho-reserva","status":"publish","type":"product","link":"https:\/\/quintadesantiago.pt\/en\/product\/quinta-de-santiago-alvarinho-reserva\/","title":{"rendered":"QUINTA DE SANTIAGO ALVARINHO RESERVA"},"content":{"rendered":"","protected":false},"excerpt":{"rendered":"<div class=\"content-box\">\n<div class=\"custom-icon\">\n              <img src=\"\/wp-content\/uploads\/2019\/10\/test.png\" width=\"36\">\n            <\/div>\n<h3 style=\"color: #ddb37c;\">DETAILS<\/h3>\n<p style=\"text-align: left;\"><strong>REGION<\/strong> Vinhos Verdes &#8211; Sub-Region of Mon\u00e7\u00e3o and Melga\u00e7o<br \/>\n<strong>VINTAGE<\/strong> 2020<br \/>\n<strong>VARIETIES<\/strong> Alvarinho<br \/>\n<strong>WINEMAKING<\/strong> Abel Codesso<br \/>\n<strong>ALCOHOL<\/strong> 13,5%<\/p>\n<\/p><\/div>\n<div class=\"separator\"><\/div>\n<div class=\"content-box\">\n<div class=\"custom-icon\">\n              <img src=\"\/wp-content\/uploads\/2019\/10\/wine-glass.png\" width=\"36\">\n            <\/div>\n<h3 style=\"color: #ddb37c;\">TASTING NOTES<\/h3>\n<p style=\"text-align: left;\">Displays citrus color. Displays citrus color. The aroma is elegant and complex, notes of menthol, fruit and citrus flowers wrapped in soft wood. Balanced, full-bodied and persistent with a unique freshness and fruit intensity.<\/p>\n<\/p><\/div>\n<div class=\"separator\"><\/div>\n<div class=\"content-box\">\n<div class=\"custom-icon\">\n              <img src=\"\/wp-content\/uploads\/2019\/10\/restaurant.png\" width=\"36\">\n            <\/div>\n<h3 style=\"color: #ddb37c;\">CONSUMPTION SUGGESTIONS<\/h3>\n<p style=\"text-align: left;\">The elegance and balance of this wine make it the ideal pairing for seafood, fish, Asian cuisine, cheeses, game and white meat, especially poultry. It should be served at a temperature between 10\u00baC and 12\u00baC.<\/p>\n<\/p><\/div>\n<div class=\"separator\"><\/div>\n<div class=\"content-box\">\n            <a class=\"btn btn-color-primary btn-style-bordered btn-size-large qsreserva\" style=\"margin-top: 20px;\" href=\"https:\/\/quintadesantiago.pt\/wp-content\/uploads\/2020\/05\/FT-ALVARINHO-RESERVA-2017-PT.pdf\" target=\"_blank\" rel=\"noopener noreferrer\">TECHNICAL SHEET<\/a>\n          <\/div>\n","protected":false},"featured_media":0,"comment_status":"open","ping_status":"closed","template":"","meta":[],"_links":{"self":[{"href":"https:\/\/quintadesantiago.pt\/en\/wp-json\/wp\/v2\/product\/1272"}],"collection":[{"href":"https:\/\/quintadesantiago.pt\/en\/wp-json\/wp\/v2\/product"}],"about":[{"href":"https:\/\/quintadesantiago.pt\/en\/wp-json\/wp\/v2\/types\/product"}],"replies":[{"embeddable":true,"href":"https:\/\/quintadesantiago.pt\/en\/wp-json\/wp\/v2\/comments?post=1272"}],"wp:attachment":[{"href":"https:\/\/quintadesantiago.pt\/en\/wp-json\/wp\/v2\/media?parent=1272"}],"curies":[{"name":"wp","href":"https:\/\/api.w.org\/{rel}","templated":true}]}}

<div class="content-box">
<div class="custom-icon">
              <img src="/wp-content/uploads/2019/10/test.png" width="36">
            </div>
<h3 style="color: #ddb37c;">DETAILS</h3>
<p style="text-align: left;"><strong>REGION</strong> Vinhos Verdes &#8211; Sub-Region of Monção and Melgaço<br />
<strong>VINTAGE</strong> 2020<br />
<strong>VARIETIES</strong> Alvarinho<br />
<strong>WINEMAKING</strong> Abel Codesso<br />
<strong>ALCOHOL</strong> 13,5%</p>
</p></div>
<div class="separator"></div>
<div class="content-box">
<div class="custom-icon">
              <img src="/wp-content/uploads/2019/10/wine-glass.png" width="36">
            </div>
<h3 style="color: #ddb37c;">TASTING NOTES</h3>
<p style="text-align: left;">Displays citrus color. Displays citrus color. The aroma is elegant and complex, notes of menthol, fruit and citrus flowers wrapped in soft wood. Balanced, full-bodied and persistent with a unique freshness and fruit intensity.</p>
</p></div>
<div class="separator"></div>
<div class="content-box">
<div class="custom-icon">
              <img src="/wp-content/uploads/2019/10/restaurant.png" width="36">
            </div>
<h3 style="color: #ddb37c;">CONSUMPTION SUGGESTIONS</h3>
<p style="text-align: left;">The elegance and balance of this wine make it the ideal pairing for seafood, fish, Asian cuisine, cheeses, game and white meat, especially poultry. It should be served at a temperature between 10ºC and 12ºC.</p>
</p></div>
<div class="separator"></div>
<div class="content-box">
            <a class="btn btn-color-primary btn-style-bordered btn-size-large qsreserva" style="margin-top: 20px;" href="https://quintadesantiago.pt/wp-content/uploads/2020/05/FT-ALVARINHO-RESERVA-2017-PT.pdf" target="_blank" rel="noopener noreferrer">TECHNICAL SHEET</a>
          </div>
